 by u?
16
Let i(o) = 4*o + 26. Let x be i(0). Suppose t + t = -x. Let d(b) = b**3 + 13*b**2 - 3*b - 15. Calculate the remainder when 92 is divided by d(t).
20
What is the remainder when (-4825)/15*468/(-195) is divided by 129?
127
Suppose -7*h + 3*h + 60 = 0. Let t be 1/(-1)*(h + -17). What is the remainder when -5 + -4 + 6 - -19*t is divided by 12?
11
Suppose -20*g + 49 = -13*g. Suppose -31 = 6*x - g*x. Calculate the remainder when x is divided by 10.
1
Calculate the remainder when 292 is divided by (-4)/(28 + -4) - 3753/(-162).
16
Suppose -4*s - 20 = 4*l - 232, 57 = s + 5*l. Suppose -25 = -3*f + 4*j, 20*f + 15 = 21*f + 2*j. What is the remainder when s is divided by f?
8
Let m be 1 + 51*(-19)/(-3) + 4. Suppose 332*h - m*h = 144. Calculate the remainder when h is divided by 8.
4
Suppose 4*f - 7938 = -3*u, 78*u + 2620 = 79*u - 3*f. Calculate the remainder when u is divided by 66.
64
Let y(r) = -2*r**3 - 8*r**2 - 15*r - 19. Let l be (16 + -1)*(-3)/(105/14). What is the remainder when y(l) is divided by 75?
65
Calculate the remainder when 346 + 11/3 + ((-66)/9)/11 is divided by 27.
25
Let b(c) = -3*c**3 - 8*c**2 - 3*c - 3. Calculate the remainder when 34 + -31 + (138 - -1) is divided by b(-3).
7
Let v = -6947 - -6997. What is the remainder when 1177 is divided by v?
27
Let g = -2576 + 4924. Let q = -3312 + g. What is the remainder when (q/(-36) - 3) + 2/9 is divided by 5?
4
Let t = -28 + 39. Let s = -7 + t. Suppose -3*k = -3*j + 21, -j + 3 = s*k + 6. Calculate the remainder when 19 is divided by j.
4
Let c be (38/95)/(3/(-30)). Calculate the remainder when (880/(-60))/(c/6) is divided by 13.
9
Let l be (-2 + 262)*((-12)/10 - -2). Let q = l + -68. What is the remainder when q is divided by 18?
14
Let r(f) = -18*f**2 - 4*f + 2. Let j be r(2). Let w = j - -78. Suppose -5*y + 8*y - 24 = w. Calculate the remainder when 11 is divided by y.
3
Suppose -2*d = -4*z - z - 147, 288 = 4*d - 4*z. Suppose -19*w = -1423 + 948. Calculate the remainder when d is divided by w.
21
Let j(w) = 0 + 16*w + 1 - 30*w. Suppose -306 + 918 = 17*r. Calculate the remainder when j(-10) is divided by r.
33
Let j(n) = n**2 + 1. Let h(u) = 10*u + 11. Let v(p) = 2*h(p) + 4*j(p). Calculate the remainder when v(-8) is divided by 27.
14
Let d = 10932 - 10913. Suppose 0 = -3*v - 9 - 6, -2*x + v = -133. Calculate the remainder when x is divided by d.
7
Suppose 5*s - 20621 = -4*j, 285*s - 290*s - 20691 = -4*j. What is the remainder when j is divided by 63?
61
Let g(y) = 1701*y**2 - 99*y - 99. What is the remainder when g(-1) is divided by 72?
45
Suppose -471 - 77 + 20 = -6*m. What is the remainder when 252 is divided by m?
76
Suppose -8*q + 18 - 66 = 0. Calculate the remainder when 1*102*(-20)/q is divided by 18.
16
Suppose 0 = 70*k + 434 - 3934. Calculate the remainder when k is divided by (2/6)/((-6)/(-234)).
11
Let d = 178 - 172. What is the remainder when 157*6/((-24)/(-4)) is divided by d?
1
Let y(m) = m**3 - 30*m**2 - 30*m + 20. Let t = -26 - -125. Calculate the remainder when t is divided by y(31).
48
Suppose 2*a + 6 = 0, 5*n - 4*n = -a + 319. Calculate the remainder when n is divided by 42.
28
Let o = 1412 + -972. Calculate the remainder when o is divided by 49.
48
Let y be (-18)/4*(-15)/(360/304). Suppose -a = b - y, a + 16 = 11. What is the remainder when b is divided by 42?
20
Let x(l) = 10*l**2 + 41*l - 27. What is the remainder when 5751 is divided by x(-5)?
9
Calculate the remainder when 1114 is divided by (1 + 6/(-4))/(-4) - (-190)/16.
10
Suppose 837*b = 1669*b - 829*b - 108. Suppose 5*t - 674 = -4*s, -5*s + 155 = -2*t + 451. Calculate the remainder when t is divided by b.
30
Suppose 9778 - 930 = 57*o - 15890. Calculate the remainder when o is divided by 9.
2
Suppose 4717*w - 4559*w = 138250. What is the remainder when 2671 is divided by w?
46
Suppose 4*m - 198 = -3*f, -11*f - 268 = -15*f - 4*m. What is the remainder when 2094 is divided by f?
64
Let j = -23498 - -25480. What is the remainder when j is divided by 654?
20
Let b be 3768/36*9/(-2). Let g = b + 518. What is the remainder when 281 is divided by g?
46
Let l(x) = -x**3 + 44*x**2 + 5*x + 187. Let k be l(44). Suppose 3*m + 45 = -4*o + 579, -k = -3*o + m. What is the remainder when o is divided by 18?
9
Let p(n) = -2*n**2 - 47*n - 55. Let a(k) = k**3 + 12*k**2 - 12*k + 15. Let y = 29 + -42. Calculate the remainder when p(-22) is divided by a(y).
1
Suppose -69 + 1857 = 4*x. Suppose 85 = 4*d + 1 - 28. What is the remainder when x is divided by d?
27
Suppose 0 = -161*u + 159*u + 154. Calculate the remainder when u is divided by (-12)/10 + (-620)/(-100).
2
Let k(o) = o**2 + 19*o + 28. Calculate the remainder when 306 is divided by k(-18).
6
Suppose -11*m + 2580 + 356 = 626. What is the remainder when 437 is divided by m?
17
Suppose -519 = -9*d + 147. What is the remainder when 110 is divided by d?
36
Suppose n - 116*g + 115*g - 1406 = 0, -4*g + 2836 = 2*n. What is the remainder when n is divided by 12?
6
Let o(h) = 6*h**2 + 12*h + 30. What is the remainder when o(-6) is divided by 70 - (-8 - (-12 - 5))?
52
Let t = -967 - -974. Let n(j) = j**3 - 4*j**2 - 23*j + 105. What is the remainder when n(t) is divided by 12?
7
Calculate the remainder when 4486/((2 - 4)/(-5 - -4)) is divided by 12.
11
Let o = 4 - -74. Suppose -323*h = -291*h - 7328. Calculate the remainder when h is divided by o.
73
Suppose 2*w + 51*p - 106 = 48*p, 0 = -5*w - 5*p + 275. Let q be 4/(-1 - 9/(-3)). Suppose 3*l - 100 = -q*l. What is the remainder when w is divided by l?
19
Suppose 75 = 5*h - 125. Suppose 696 = 39*g - 15*g. Suppose h = a + g. What is the remainder when 65 is divided by a?
10
Let x(z) be the third derivative of -23*z**6/30 - z**5/20 - 5*z**4/24 - z**3/2 - 17*z**2 - 5*z. What is the remainder when 180 is divided by x(-1)?
89
Let d be (-227 + -2)*(-5 + 4). Suppose 5*b = -2*x + b - 244, 0 = -5*b + 15. Let g = x + d. What is the remainder when g is divided by 34?
33
Let h = 20 + -15. Suppose -11*c + h = -28. Suppose 5*d + 0*w + 5*w = 380, -c*d = -3*w - 234. What is the remainder when d is divided by 20?
17
Let t(a) = -7*a - 19. Let z be t(-10). Let v = 58 - z. Suppose v = -4*s + 27. Calculate the remainder when 22 is divided by s.
2
Suppose -4*p = 4*v - 1212, 4*p + 152 = -2*v + 756. Suppose -12*o = 7*o - v. What is the remainder when 157 is divided by o?
13
Let o = -6587 + 13725. What is the remainder when o is divided by 68?
66
Let d(w) = w**2 - 12*w + 24. Let j be d(8). Let u be -8*((-2)/j - (-9)/(-12)). Calculate the remainder when ((-58)/u)/(-5 + (-36)/(-8)) is divided by 15.
14
Let a = 8015 - 7251. Calculate the remainder when a is divided by 223.
95
Let m(y) = -y**3 - y**2 + y. Let j be m(0). Suppose -3*n + 69 = -j*n. Let h = 8281 - 8269. Calculate the remainder when n is divided by h.
11
Suppose 4*w = -77 + 305. Let v = w - 56. Calculate the remainder when 7 is divided by -4*2/(-4)*v.
1
Let m(p) = -25*p + 1595. Calculate the remainder when 58 is divided by m(63).
18
Let o = 135 - 67. Calculate the remainder when o is divided by 16.
4
Suppose -g - 2473 = -2*c + 135, 0 = -3*g + 24. What is the remainder when c is divided by 140?
48
Let b be (351/(-65))/((-3)/25). Suppose -3*x + 2*n + 43 = -0*x, 0 = -5*x - 2*n + b. What is the remainder when x is divided by 8?
3
Let z = 110 + -21. Let t = -65 - -69. Suppose -3*f + 66 = -s, -3*f + 127 = 2*f + t*s. Calculate the remainder when z is divided by f.
20
Let b(z) = 1727*z**2 - 33*z + 2. Calculate the remainder when b(-1) is divided by 439.
6
Suppose -3*x + 5*i + 202 = 0, -29*x - 3*i = -30*x + 70. What is the remainder when 308 is divided by x?
52
Suppose -s = 3*n - 374, -10*s + 5*n - 1142 = -13*s. Calculate the remainder when s is divided by 36.
29
Suppose -85*b + 29*b + 239972 = -22*b. What is the remainder when b is divided by 66?
62
Suppose 87*z - 12958 = 25*z. Calculate the remainder when 322 is divided by z.
113
Let q(t) = 103*t - 1605. Calculate the remainder when q(19) is divided by 104.
40
Let c(z) = -4*z + 23. What is the remainder when c(1) is divided by 18?
1
Let v(f) = 4*f**2 + 4*f + 7. Let h be v(-6). Let g = h - 103. Calculate the remainder when (-160)/(-3) + (-8)/g is divided by 11.
9
Let q = -31682 + 31848. What is the remainder when q is divided by (-4)/(-14) + (-188)/(-28